e a(70).
-18
Let y(d) = 3292*d + 33148. Give y(-10).
228
Let p(m) = -m**2 + 6*m + 1860. Determine p(33).
969
Let z(i) = -64*i - 95. What is z(5)?
-415
Let w(v) = -v**3 + 292*v**2 - 1890*v - 733. Give w(7).
2
Let g(o) = -33*o**3 + 923*o**2 + 20*o + 293. What is g(28)?
69
Let u(t) = t**2 + 175912*t + 1407201. Determine u(-8).
-31
Let g(c) = -19*c**3 - 302*c**2 - 97*c - 2063. Give g(-16).
1
Let z(g) = 686*g - 118878. Calculate z(173).
-200
Let r(o) = 43003*o - 386929. What is r(9)?
98
Let j(r) = 1722*r + 97931. Give j(-57).
-223
Let v(w) = -w**3 - 804*w**2 + 22442*w - 172. Calculate v(27).
-37
Let l(n) = -9*n**3 + 519*n**2 + 1081*n + 7. What is l(-2)?
-7
Let t(k) = k**3 + k**2 - 931*k + 17. What is t(0)?
17
Let d(j) = 2*j**2 + 825*j + 20075. What is d(-26)?
-23
Let m(h) = h**2 - 12294*h - 530515. Calculate m(-43).
-24
Let x(j) = -j**3 + 99*j**2 + 681*j - 5310. What is x(105)?
45
Let y(q) = -q**3 + 554*q**2 - 16721*q + 9026. Calculate y(522).
152
Let x(o) = -749*o + 7007. Determine x(11).
-1232
Let r(n) = -466*n - 11588. Give r(-19).
-2734
Let x(q) = -q**3 - 12*q**2 + 274*q + 3629. Calculate x(-14).
185
Let u(x) = 7*x**3 - 161*x**2 - 119*x + 2731. Calculate u(23).
-6
Let f(k) = -8*k**3 + k**2 + 12*k + 21. Calculate f(-6).
1713
Let m(j) = -j**2 - 86447*j - 69705271. Determine m(-814).
-9
Let k(n) = 13*n**2 - 1061*n + 1599. Give k(80).
-81
Let l(m) = 2*m**3 + 272*m**2 - 5638*m + 1688. Determine l(18).
-4
Let p(u) = 370*u - 29601. Give p(80).
-1
Let v(h) = -h**3 - 38*h**2 + 48*h + 281. Calculate v(-33).
-6748
Let n(s) = -541*s - 79063. What is n(-148)?
1005
Let q(m) = -16418*m - 558220. Determine q(-34).
-8
Let r(h) = -5*h**2 + 1184*h - 70027. Give r(116).
37
Let c(q) = -4*q**3 + 47*q**2 + 265*q + 66. Calculate c(-4).
14
Let y(z) = 1057*z**2 + 33153*z + 11957. Give y(-31).
-9
Let w(b) = -110*b**2 + 663*b - 13. What is w(6)?
5
Let z(i) = 5*i**3 + 527*i**2 - 681*i - 93550. Determine z(-105).
5
Let p(r) = -2*r**3 - 471*r**2 + 186*r - 11768. Calculate p(-236).
32
Let d(j) = j**2 - j - 684. What is d(-19)?
-304
Let k(u) = 763*u + 9402. Calculate k(-12).
246
Let d(w) = 2*w**3 + 4*w**2 - 9214*w - 18430. Calculate d(-2).
-2
Let w(x) = 6967*x - 27548. Determine w(4).
320
Let v(y) = 205*y - 1406. Determine v(3).
-791
Let a(w) = -5*w**2 - 179*w + 866. What is a(-41)?
-200
Let m(c) = -334*c - 84508. What is m(-253)?
-6
Let i(o) = 56469*o + 283147. Determine i(-5).
802
Let s(b) = -b**3 + 15*b**2 - 77*b + 508. Calculate s(12).
16
Let t(q) = -927*q + 324463. Give t(349).
940
Let h(g) = 1225*g**2 + 1468*g + 3. Give h(-1).
-240
Let s(h) = -8328*h + 158173. Determine s(19).
-59
Let q(d) = 3*d**3 + 268*d**2 + 93*d + 413. Calculate q(-89).
57
Let i(l) = -61*l**2 - 5125*l + 86. Determine i(-84).
170
Let b(y) = -17612*y - 88053. What is b(-5)?
7
Let c(h) = -h**2 + 22*h + 3188. Give c(72).
-412
Let l(v) = -v**3 + v**2 + 155*v + 1819. What is l(-12)?
1831
Let z(i) = 1035*i + 1997. Give z(-3).
-1108
Let q(r) = -r**2 - 5420*r - 32477. Give q(-6).
7
Let h(c) = 2*c**2 + 77*c + 415. What is h(-35)?
170
Let f(l) = 2*l**3 + 16*l**2 - 18747*l - 56341. What is f(-3)?
-10
Let v(h) = -8*h**2 + 66*h + 167776. Give v(149).
2
Let b(d) = -22833*d - 114369. What is b(-5)?
-204
Let h(c) = -6*c**3 + 16*c**2 - 68*c + 203. Give h(3).
-19
Let x(p) = 5931*p + 3700973. Give x(-624).
29
Let r(h) = 7670*h**2 + 69058*h + 260. What is r(-9)?
8
Let h(q) = -q**3 - 215*q**2 - 7897*q - 73. What is h(-47)?
-26
Let p(t) = 933*t - 40735. What is p(44)?
317
Let d(z) = -z**3 + 137*z**2 + 280*z - 987. Determine d(139).
-709
Let u(l) = -3*l**2 - 676*l - 4049. Give u(-219).
112
Let i(s) = -4007*s - 16030. Calculate i(-4).
-2
Let j(a) = 85*a - 5494. What is j(67)?
201
Let p(c) = 667*c + 7118. Calculate p(-10).
448
Let h(c) = 33*c**3 - 1049*c**2 - 220*c - 78. What is h(32)?
50
Let i(k) = -501*k - 9037. Determine i(-18).
-19
Let i(b) = -b**3 + 39*b**2 - 139*b - 338. Give i(35).
-303
Let s(l) = 3*l**3 - 407*l**2 + 249*l + 2807. Calculate s(135).
-28
Let t(q) = -2492*q + 28475. Give t(11).
1063
Let c(g) = -228*g - 23823. Calculate c(-106).
345
Let c(g) = 2*g**2 - 41064*g - 82125. Calculate c(-2).
11
Let a(h) = -54*h + 696. Calculate a(4).
480
Let r(i) = -13*i**2 - 985*i - 18423. Give r(-42).
15
Let r(h) = 24*h**2 + 617*h - 173. What is r(-26)?
9
Let x(j) = -4395*j + 3774. What is x(1)?
-621
Let l(k) = 21*k - 750. Determine l(75).
825
Let m(a) = 5983*a - 3607735. Determine m(603).
14
Let h(k) = 42*k**2 + 19729*k + 14539. What is h(-469)?
0
Let c(h) = 126834*h + 1395165. What is c(-11)?
-9
Let i(f) = f**3 - 339*f**2 + 22107*f - 1661. What is i(88)?
11
Let s(b) = b**3 - 32*b**2 + 262*b + 12. What is s(16)?
108
Let c(l) = -1077*l + 31612. Calculate c(30).
-698
Let t(q) = -17*q**2 - 1047*q + 735. Give t(-63).
-777
Let j(g) = g**3 + 49*g**2 + 950*g + 46537. Calculate j(-49).
-13
Let k(y) = 5839*y + 74895. Determine k(-13).
-1012
Let l(v) = -5*v**3 + 61*v**2 + 791*v + 1689. Calculate l(-3).
0
Let r(t) = 17*t**2 - 2379*t + 14244. Determine r(6).
582
Let k(c) = 373*c - 7887. What is k(22)?
319
Let d(t) = 1431*t - 583850. What is d(408)?
-2
Let b(x) = -1114*x + 2674. What is b(2)?
446
Let o(j) = -6*j**2 + 59*j + 792. Determine o(17).
61
Let i(r) = -103*r - 1971. Determine i(-10).
-941
Let f(q) = -4*q**2 - 32202*q + 678002. Give f(21).
-4
Let p(b) = 32*b**2 + 214*b + 1872. Give p(-9).
2538
Let g(b) = 1230*b + 16175. Calculate g(-16).
-3505
Let i(u) = -u**3 - 30*u**2 - 152*u - 758. Determine i(-25).
-83
Let z(k) = -1930*k - 15483. What is z(-8)?
-43
Let p(j) = 67*j**2 + 273*j + 41. What is p(-4)?
21
Let b(v) = v**3 + 19*v**2 - 7*v + 140. What is b(-19)?
273
Let s(i) = -i**2 + 969*i - 16178. Give s(17).
6
Let k(j) = -185937*j - 5578112. Determine k(-30).
-2
Let i(f) = -f**3 + 11*f**2 - 9*f - 125. Give i(7).
8
Let t(n) = n**3 - 247*n**2 - 139*n + 94726. What is t(246)?
16
Let l(h) = 2232*h + 229997. Calculate l(-104).
-2131
Let h(l) = 170*l - 10698. Determine h(60).
-498
Let g(j) = -26261*j - 394075. Give g(-15).
-160
Let v(f) = 977*f**2 + 18538*f - 488. What is v(-19)?
-13
Let h(f) = 24*f**3 + 13*f**2 - 89*f + 88. What is h(4)?
1476
Let o(d) = -d**2 + 2249*d - 11163. Determine o(5).
57
Let o(m) = 2*m**3 - 29*m**2 + 33*m - 36. What is o(13)?
-114
Let m(k) = 419*k**2 - 22220*k + 679. What is m(53)?
-10
Let n(v) = -v**3 + 43*v**2 + 161*v + 2336. Give n(46).
3394
Let y(m) = 2*m**3 - 20*m**2 - 272*m - 289. What is y(18)?
-1
Let w(i) = -2*i**3 + 12*i**2 + 397*i + 261. Determine w(-11).
8
Let o(t) = 35*t**3 + 242*t**2 - 483*t - 4. Determine o(2).
278
Let i(b) = 40624*b + 365663. What is i(-9)?
47
Let o(b) = -109*b + 7552. Determine o(79).
-1059
Let p(c) = -c**2 - 2484*c + 111218. Give p(44).
-14
Let w(x) = 3*x**2 - 232*x + 384. Give w(66).
-1860
Let o(b) = 1102*b**2 - 11026*b + 2. Determine o(10).
-58
Let o(m) = 1016*m**2 - 37670*m + 2884. What is o(37)?
-2
Let r(b) = -2798*b**2 + 25180*b - 7. What is r(9)?
-25
Let d(c) = 11*c**3 - 451*c**2 + 33*c + 32. Calculate d(41).
1385
Let h(u) = -1258*u - 125791. What is h(-100)?
9
Let g(w) = -17*w**2 + 1532*w - 51. Determine g(90).
129
Let b(q) = q**3 - 57*q**2 + 219*q - 157. What is b(53)?
214
Let a(g) = 3*g**3 + 316*g**2 + 3785*g - 686. What is a(-14)?
28
Let z(j) = -j**3 + 286*j**2 + 1764*j - 342136. Give z(288).
8
Let c(x) = 13*x**2 - 165*x + 375. Give c(6).
-147
Let j(a) = 87*a + 15065. Determine j(-176).
-247
Let w(a) = 2*a**3 - 151*a**2 - 76*a - 366. Determine w(76).
-366
Let i(n) = -n**3 + 39*n**2 + 2419*n - 3046. Calculate i(72).
50
Let u(n) = -1953*n - 263639. Calculate u(-135).
16
Let n(u) = 12*u**2 - 721*u - 3876. What is n(65)?
-41
Let b(f) = -3758*f - 10653. Determine b(-3).
621
Let m(j) = -j**3 + 46*j**2 - 160*j + 5629. Calculate m(45).
454
Let u(s) = 170*s + 1420. Calculate u(-14).
-960
Let f(q) = q**2 + 1418624*q + 34. What is f(0)?
34
Let r(n) = 202*n + 315520. What is r(-1562)?
-4
Let z(m) = 3*m**3 + 92*m**2 + 177*m + 888. Give z(-29).
-40
Let b(i) = 2*i**2 + 919*i + 80588. Determine b(-118).
-6
Let f(a) = 353*a - 90642. Give f(256).
-274
Let j(h) = 62095*h - 309804. What is j(5)?
671
Let g(u) = 26615*u - 79813. What is g(3)?
32
Let z(l) = -10*l**2 - 966*l + 540. Give z(-97).
152
Let w(n) = -n**2 + 115*n - 3206. Give w(71).
-82
Let y(n) = 394418*n + 8282787. What is y(-21